 the prime factors of 5410941339?
3, 17, 41, 281, 9209
What are the prime factors of 84846580?
2, 5, 7, 13, 46619
What are the prime factors of 2854499212?
2, 41, 17405483
List the prime factors of 3407279387.
3407279387
What are the prime factors of 85551886?
2, 7, 1493, 4093
List the prime factors of 256561941.
3, 23, 173, 21493
What are the prime factors of 237974956?
2, 59493739
List the prime factors of 380484277.
14897, 25541
What are the prime factors of 97751750?
2, 5, 29, 97, 139
What are the prime factors of 38760014?
2, 23, 419, 2011
List the prime factors of 2447631287.
17, 143978311
What are the prime factors of 170830970?
2, 5, 71, 240607
What are the prime factors of 3809518368?
2, 3, 39682483
What are the prime factors of 81906284?
2, 389, 52639
List the prime factors of 2348561759.
587, 4000957
What are the prime factors of 262097171?
7, 1319, 28387
What are the prime factors of 30219365?
5, 11, 549443
What are the prime factors of 51747879?
3, 1439, 11987
What are the prime factors of 333032387?
23, 71, 109, 1871
What are the prime factors of 78043119?
3, 7, 11, 131, 2579
What are the prime factors of 1021427486?
2, 14407, 35449
What are the prime factors of 24359987?
4357, 5591
What are the prime factors of 49817604?
2, 3, 4151467
What are the prime factors of 3263246465?
5, 31, 21053203
List the prime factors of 512390389.
7, 23, 3182549
What are the prime factors of 83135541?
3, 337, 82231
What are the prime factors of 148863250?
2, 5, 595453
List the prime factors of 250376423.
11, 541, 42073
List the prime factors of 458375183.
7, 65482169
List the prime factors of 33027900.
2, 3, 5, 89, 1237
What are the prime factors of 68505676?
2, 17126419
List the prime factors of 454500495.
3, 5, 10100011
List the prime factors of 89560519.
31, 2889049
What are the prime factors of 6450745674?
2, 3, 29, 383, 96797
What are the prime factors of 5699004?
2, 3, 474917
List the prime factors of 31386499.
19, 1651921
List the prime factors of 246218638.
2, 113, 1089463
List the prime factors of 721234812.
2, 3, 53, 569, 1993
What are the prime factors of 2160995113?
211, 10241683
List the prime factors of 1613425083.
3, 537808361
List the prime factors of 2003598969.
3, 667866323
What are the prime factors of 130025877?
3, 17, 23, 110849
What are the prime factors of 28519057?
7, 19, 23, 9323
List the prime factors of 1066370569.
11, 96942779
What are the prime factors of 480234299?
31, 89, 174061
What are the prime factors of 105810541?
59, 1793399
List the prime factors of 6659282099.
61, 971, 112429
List the prime factors of 34126487.
1319, 25873
List the prime factors of 447347768.
2, 7, 151, 52903
What are the prime factors of 1567449595?
5, 61, 5139179
What are the prime factors of 41537279?
7, 61, 89, 1093
List the prime factors of 1231377678.
2, 3, 68409871
What are the prime factors of 385276924?
2, 257, 374783
List the prime factors of 476199328.
2, 11, 1352839
What are the prime factors of 1417699022?
2, 19, 1109, 33641
List the prime factors of 1467479839.
7, 19, 2843, 3881
List the prime factors of 3906164880.
2, 3, 5, 313, 17333
List the prime factors of 896232018.
2, 3, 11, 13579273
List the prime factors of 167398638.
2, 3, 11, 2536343
List the prime factors of 1056131357.
1277, 827041
List the prime factors of 331727085.
3, 5, 29, 254197
List the prime factors of 168189284.
2, 42047321
List the prime factors of 2688535868.
2, 7297, 92111
List the prime factors of 187721073.
3, 181, 115237
What are the prime factors of 10784132?
2, 79, 34127
What are the prime factors of 53396389?
53396389
What are the prime factors of 744481143?
3, 7, 11817161
What are the prime factors of 3901293339?
3, 1300431113
What are the prime factors of 605091785?
5, 121018357
What are the prime factors of 21421174?
2, 2579, 4153
List the prime factors of 1136655620.
2, 5, 19, 2991199
What are the prime factors of 69967019?
17, 4115707
What are the prime factors of 520015118?
2, 7, 53, 61, 11489
List the prime factors of 399580942.
2, 743, 268897
List the prime factors of 14543993.
17, 29, 29501
List the prime factors of 711189078.
2, 3, 127, 933319
What are the prime factors of 5676410195?
5, 47, 24154937
What are the prime factors of 72972247?
43, 47, 36107
What are the prime factors of 1728656092?
2, 432164023
List the prime factors of 84803351.
84803351
What are the prime factors of 138683479?
11, 12607589
List the prime factors of 225588713.
7, 173, 186283
List the prime factors of 41323479.
3, 23, 598891
What are the prime factors of 240174237?
3, 80058079
What are the prime factors of 484794585?
3, 5, 11, 31, 10531
List the prime factors of 3544022.
2, 1772011
List the prime factors of 82614960.
2, 3, 5, 114743
List the prime factors of 1035937514.
2, 3947, 131231
What are the prime factors of 1600146328?
2, 11, 18183481
List the prime factors of 144352180.
2, 5, 7, 653, 1579
List the prime factors of 4645867.
4645867
What are the prime factors of 100155727?
7, 257, 55673
List the prime factors of 116330083.
101, 293, 3931
List the prime factors of 116997032.
2, 1451, 10079
List the prime factors of 4727545886.
2, 7, 167, 2022047
List the prime factors of 37658042.
2, 18829021
What are the prime factors of 843012665?
5, 11, 127, 120689
What are the prime factors of 13818092?
2, 19, 113, 1609
What are the prime factors of 178591045?
5, 37, 965357
What are the prime factors of 14853677?
137, 108421
What are the prime factors of 1372895842?
2, 2473, 277577
List the prime factors of 62796403.
62796403
What are the prime factors of 962655789?
3, 320885263
List the prime factors of 1671359275.
5, 1709, 39119
List the prime factors of 538090467.
3, 31, 67, 86357
What are the prime factors of 706185246?
2, 3, 13, 47, 192631
List the prime factors of 540032868.
2, 3, 15000913
What are the prime factors of 2367029818?
2, 73, 107, 277, 547
List the prime factors of 1199540.
2, 5, 37, 1621
What are the prime factors of 109470058?
2, 19, 1051, 2741
What are the prime factors of 203185273?
857, 237089
List the prime factors of 8411632.
2, 525727
What are the prime factors of 189925167?
3, 47, 1346987
What are the prime factors of 476317050?
2, 3, 5, 11, 17, 16981
List the prime factors of 2144444653.
13, 103, 1601527
List the prime factors of 939506088.
2, 3, 17, 31, 59, 1259
What are the prime factors of 4469034?
2, 3, 67, 11117
What are the prime factors of 55584578?
2, 7, 1879, 2113
List the prime factors of 36681242.
2, 13, 239, 5903
List the prime factors of 148633525.
5, 809, 7349
List the prime factors of 83823757.
83823757
What are the prime factors of 222517285?
5, 44503457
List the prime factors of 298287317.
298287317
What are the prime factors of 344742961?
344742961
What are the prime factors of 103222781?
23, 739, 6073
List the prime factors of 155269142.
2, 7, 31, 51109
What are the prime factors of 327996676?
2, 7, 653, 17939
List the prime factors of 1957046767.
13, 5113, 29443
What are the prime factors of 758103640?
2, 5, 7, 127, 21319
What are the prime factors of 3887705425?
5, 19, 283, 28921
What are the prime factors of 1151772504?
2, 3, 181, 265141
List the prime factors of 6310640759.
20563, 306893
List the prime factors of 10139448.
2, 3, 11, 193, 199
What are the prime factors of 345785027?
7, 61, 809801
What are the prime factors of 732422254?
2, 17, 167, 128993
List the prime factors of 65201717.
7, 43, 216617
List the prime factors of 6114734751.
3, 2038244917
List the prime factors of 7438994979.
3, 13, 190743461
What are the prime factors of 775804889?
47, 16506487
List the prime factors of 222864267.
3, 233, 318833
List the prime factors of 90386451.
3, 10042939
What are the prime factors of 154885555?
5, 11, 17, 165653
List the prime factors of 142678440.
2, 3, 5, 251, 1579
List the prime factors of 762742037.
163, 1721, 2719
List the prime factors of 511537679.
463, 1104833
List the prime factors of 56225098.
2, 911, 30859
List the prime factors of 36589419.
3, 4065491
List the prime factors of 1243486789.
23, 953, 56731
List the prime factors of 85772581.
1303, 65827
What are the prime factors of 982243787?
7, 10163, 13807
What are the prime factors of 86550741?
3, 79, 40577
List the prime factors of 1483793758.